en c is divided by 5.
4
Suppose 2*g + 5 - 13 = -2*r, 3*g = -2*r + 16. Suppose 116*y = 112*y + 20. Calculate the remainder when g is divided by y.
3
What is the remainder when (-1016)/(-22) + 26/(-143) is divided by 7?
4
Let y(p) = -p**3 - p**2 + 4*p + 1. Let d(m) = 2*m + 1. Let f be d(-2). Let v be y(f). Suppose w - 5 = v. Calculate the remainder when 23 is divided by w.
11
Let y(r) = -r**3 - 4*r**2 - 2*r + 5. Suppose -5*b + 2*h + 183 = 0, -4*b = -7*b - 4*h + 115. Calculate the remainder when b is divided by y(-4).
11
Suppose -3*q = -4*q + 3. Let o be 9/(-6)*130/(-15). Suppose -n + 4*n + i = 26, 0 = 4*n - 3*i - o. What is the remainder when n is divided by q?
1
Calculate the remainder when ((-13)/(-3) - 5)*-174 is divided by 13.
12
Let c(p) = 18*p**2 + 2*p + 1. What is the remainder when 49 is divided by c(-1)?
15
Suppose -4*n + 103 = 67. Calculate the remainder when 34 is divided by n.
7
Let a(y) = y**2 + y + 7. Let k be a(0). Suppose 2*h = -n - k, 5*h = 4*n - 0*n - 50. Let m(r) = r**2 + 4*r - 4. What is the remainder when m(h) is divided by 5?
3
Let d = 173 - 106. Calculate the remainder when d is divided by 17.
16
Let b(j) = 10*j**2 + j + 1. Let u = -105 - -124. Calculate the remainder when u is divided by b(-1).
9
Suppose 3*s - 318 = -3*b, -5*s + 0*s - 130 = -b. Let w = -61 + b. Let l(m) = m**3 - 11*m**2 - 10*m - 11. What is the remainder when w is divided by l(12)?
10
Let m(n) = 12*n**2 - 2*n + 1. Let l be m(-2). Suppose -r - r = 3*z - 50, -5*r + l = 3*z. What is the remainder when (z/(-3))/(1/(-3)) is divided by 9?
7
Suppose -m - 5*y + 150 = 4*m, -y = 2*m - 59. What is the remainder when m is divided by 10?
9
Let c be (1 - (0 + 0))*-2. Let q = c + 2. Suppose -3*u - s + 69 = q, -u = 4*s - 43 + 9. Calculate the remainder when u is divided by 12.
10
Suppose 4*n = -m + 3 + 12, 3*m = -3*n. Suppose -n*y - 8 = -68. What is the remainder when y is divided by 5?
2
Suppose 2*i - 274 + 98 = 0. Calculate the remainder when i is divided by 32.
24
Let f be (37 - 0)/((-7)/(-21)). What is the remainder when f/2*2/3 is divided by 13?
11
Suppose 0*p - 3*h = -5*p + 33, 4*h + 11 = 3*p. What is the remainder when 20 is divided by p?
2
Suppose 0 = -6*p + 2*p + 32. Let d = 14 + -9. Suppose -u - 18 = -5*z - 3, 4*z - d*u = 12. What is the remainder when p is divided by z?
2
Suppose 3*p - 46 - 95 = 0. Calculate the remainder when p is divided by 25.
22
Let u(r) = -r**3 + 6*r**2 - 5*r + 2. Let j be u(5). Let m be j/(-4) + 102/(-4). Let v = m - -38. What is the remainder when v is divided by 7?
5
Let s = -7 - -21. What is the remainder when s is divided by 5?
4
Let a = -1 - -6. What is the remainder when a is divided by 3?
2
Let u(g) = 14*g**2. Let f be u(-1). Let z = 10 - f. What is the remainder when ((-26)/6)/(z/12) is divided by 7?
6
Let k(z) = -z**3 - 7*z**2 + z + 2. Let o be k(-7). What is the remainder when 5 is divided by (24/30)/((-1)/o)?
1
Let k(p) = -p**2 + 7*p - 1. Let j be k(5). Suppose 4 = -5*y + y, -2*s + j = y. Let d = -4 + s. Calculate the remainder when d is divided by 1.
0
Suppose 3*g - 23 - 25 = 0. Calculate the remainder when g is divided by 9.
7
Let o = 1 - -1. Suppose 0 = -2*u - o*p + 15 - 1, 0 = -5*p. Suppose k = 3*v + 3, -3*k + 2*k + 2*v + 3 = 0. What is the remainder when u is divided by k?
1
Suppose 5*l = -13 - 2, 3*l = 4*o - 45. Calculate the remainder when 14 is divided by o.
5
Suppose -3*l + 54 = 2*p - 5*p, -p - 1 = 0. Calculate the remainder when l is divided by 4.
1
Suppose 3*g + 37 = 3*i - 68, 5*g = 4*i - 141. What is the remainder when i is divided by 9?
7
Let z(b) = -b**2 + 7*b - 2. Suppose q - 20 = 4*h, 3*q - 5*h - 14 - 18 = 0. What is the remainder when z(3) is divided by q?
2
Suppose 5*g + 95 = r, 0 = r + g - 3*g - 80. What is the remainder when r is divided by 24?
22
Suppose n + 3*x + 4 = 0, 10 = 6*n - n + 5*x. Suppose p = n*p - 20. Let m(z) = -z**3 + 7*z**2 - 6*z + 8. What is the remainder when m(6) is divided by p?
3
Let y(a) = a - 11. Let x(o) = -2*o**2 + 3*o + 2. Let n be x(3). Let s = n + 11. Calculate the remainder when s is divided by y(13).
0
Let z(d) = d + 33. Calculate the remainder when z(11) is divided by 23.
21
Suppose 0 = -3*f - 24 - 36. Let d = -13 - f. What is the remainder when 25 is divided by d?
4
Suppose 248 + 12 = 2*q. Calculate the remainder when q is divided by 33.
31
Let b(n) = -n. Let w be b(-6). Let h = 13 + 4. Let i = h + w. Calculate the remainder when i is divided by 8.
7
What is the remainder when 67 is divided by 1/(4/112*2)?
11
Let h(o) = o**2 - 7*o + 5. Let z be h(7). Suppose 4*t - 160 = -56. Calculate the remainder when t is divided by (-2)/5 + 37/z.
5
Let c(y) = 6*y - 7. What is the remainder when (1 - 3)*(-268)/8 is divided by c(5)?
21
Suppose 3*g - 2*b + 68 = 0, -g = -b - 6 + 29. Let v = g - -51. Calculate the remainder when v is divided by 3 + 9 - (-2)/(-1).
9
Let l(u) be the first derivative of -2*u**2 - 2*u - 3. What is the remainder when 50 is divided by l(-7)?
24
Suppose 0*w - 3*a + 729 = 4*w, 3*a = 4*w - 759. Calculate the remainder when w is divided by 27.
24
Suppose -4*o = 0, 2*i + 2*o + 3*o = 46. Suppose 4 = 4*p - 0*p. Let l = 7 + p. What is the remainder when i is divided by l?
7
Suppose -7*n = -2*n - 20, 5*f + 5*n - 275 = 0. Let j be (f + -1)*2/4. Suppose 3*k + j = 8*k. Calculate the remainder when 9 is divided by k.
4
Suppose -2*m + 37 = t, 0 = 2*t - 3 - 3. Let i(f) = 2*f**2 + f - 4. What is the remainder when i(4) is divided by m?
15
Let k = 87 - 76. What is the remainder when 54 is divided by k?
10
Let t = -5 - -12. Calculate the remainder when 25*(8/(-2) - -3)*-1 is divided by t.
4
Let i be 2/(-4)*(-47 - 1). Let c = -2 + i. Let n = 38 + -26. What is the remainder when c is divided by n?
10
Suppose -3*y - 5 + 14 = 0. Let f(n) = -n + n**3 + 3*n**y + 8 + 6*n**2 - 3*n**3. What is the remainder when f(-6) is divided by 5?
4
Let h(p) = -p**3 + 13*p**2 - 12*p - 1. Let l be h(12). Let w(s) = 6*s**2 - 1. Calculate the remainder when 27 is divided by w(l).
2
Let x be 11 - (-1)/(2/(-4)). Let f be 6*(x/(-6) + 2). Suppose f + 3 = 3*o. Calculate the remainder when 5 is divided by o.
1
Suppose 45 = m + m - 3*i, -2*i + 10 = 0. Suppose 2*k - k = 0. Let z = k - -16. Calculate the remainder when m is divided by z.
14
Let d(k) = k**3 + 3*k - 2. What is the remainder when d(2) is divided by 8?
4
Let p = 91 - 89. Calculate the remainder when 17 is divided by p.
1
Let i = 2 - 4. Calculate the remainder when 37 is divided by (-135)/(-10) + 1/i.
11
Suppose -7 = f - 2*f. Suppose 0 = -f*h + 4*h + 12. Let i = -11 - -18. Calculate the remainder when i is divided by h.
3
Let u = 28 + -18. Suppose -4*h + 22 - u = 0. What is the remainder when 7 is divided by h?
1
Suppose -12*h + 120 = -2*h. Calculate the remainder when 55 is divided by h.
7
Let z = -23 - -58. Calculate the remainder when z is divided by 9.
8
Suppose 2*o + 2*o - 5*q = 143, 0 = 4*o + 2*q - 150. Calculate the remainder when 72 is divided by o.
35
Let a = 35 + -21. Suppose 0 = -2*j + 83 - 31. Calculate the remainder when j is divided by a.
12
Suppose 0 = -2*x + x + 15. Calculate the remainder when x is divided by (-36)/(-63)*7 + 12/3.
7
Let n(a) = -a**2 + 6*a + 3. Let s be n(6). Suppose -2*j + 4*i + 54 = 0, 2*j - 3*j - 4*i + s = 0. Calculate the remainder when j is divided by 7.
5
Let u = 129 - 71. What is the remainder when u is divided by 15?
13
Suppose -4*n - 22 = 3*z, 5*z + 42 = -2*n - 4. What is the remainder when (5/(-5))/(1/(-29)) is divided by (-3)/((-3)/z)*-1?
9
Let a(p) = 1 - 3 + 2*p - 2. Suppose -v + 3*v = 8. Calculate the remainder when a(v) is divided by 2.
0
Let w(i) be the third derivative of i**4/24 + 5*i**2. Calculate the remainder when w(5) is divided by 2.
1
Let a = 2 + 2. Suppose 3*o + o = a*r + 16, 0 = r. Suppose -o*x - 45 = -7*x. Calculate the remainder when 57 is divided by x.
12
Let u = -126 + 71. Let k(d) = -d**2 + 2*d + 12. Let z be k(8). Let j = z - u. Calculate the remainder when j is divided by 7.
5
Suppose 32*q = 33*q - 9. What is the remainder when 44 is divided by q?
8
Calculate the remainder when 0 + 183 + (12 - 15) is divided by 14.
12
Let o = -22 + 38. What is the remainder when 47 is divided by o?
15
Calculate the remainder when (-82)/(-3) - (-1)/(-3) is divided by 4.
3
Let i(s) = 2*s**2. Let c be i(1).